ten millions digit of 12674264?
1
What is the tens digit of 325916?
1
What is the hundred thousands digit of 25838987?
8
What is the thousands digit of 4024999?
4
What is the ten millions digit of 38689236?
3
What is the hundreds digit of 28817248?
2
What is the tens digit of 8571423?
2
What is the tens digit of 6837501?
0
What is the hundreds digit of 10416962?
9
What is the thousands digit of 11995689?
5
What is the hundreds digit of 3231489?
4
What is the hundreds digit of 1012864?
8
What is the hundred thousands digit of 11999380?
9
What is the hundred thousands digit of 465376?
4
What is the tens digit of 4785265?
6
What is the units digit of 205276?
6
What is the hundreds digit of 159962?
9
What is the units digit of 5791030?
0
What is the units digit of 11145034?
4
What is the tens digit of 336897?
9
What is the ten thousands digit of 4164103?
6
What is the thousands digit of 1601524?
1
What is the hundred thousands digit of 7652266?
6
What is the units digit of 9428931?
1
What is the ten thousands digit of 169088?
6
What is the hundreds digit of 83986?
9
What is the hundreds digit of 505567?
5
What is the millions digit of 32234634?
2
What is the hundreds digit of 359946?
9
What is the hundreds digit of 30662394?
3
What is the units digit of 90832?
2
What is the ten thousands digit of 3902252?
0
What is the tens digit of 540276?
7
What is the tens digit of 657018?
1
What is the ten thousands digit of 1129555?
2
What is the hundred thousands digit of 171341?
1
What is the ten thousands digit of 1993032?
9
What is the hundred thousands digit of 3386472?
3
What is the units digit of 65882?
2
What is the hundred thousands digit of 229249?
2
What is the hundred thousands digit of 5045115?
0
What is the thousands digit of 5296378?
6
What is the units digit of 1597046?
6
What is the hundreds digit of 5191262?
2
What is the tens digit of 339936?
3
What is the units digit of 217467?
7
What is the millions digit of 15808620?
5
What is the millions digit of 6170329?
6
What is the hundred thousands digit of 1064611?
0
What is the ten thousands digit of 6682389?
8
What is the hundreds digit of 308579?
5
What is the ten thousands digit of 963774?
6
What is the units digit of 686645?
5
What is the hundreds digit of 186683?
6
What is the hundred thousands digit of 1117382?
1
What is the millions digit of 3586949?
3
What is the ten thousands digit of 1715558?
1
What is the millions digit of 12028626?
2
What is the ten thousands digit of 12807550?
0
What is the hundred thousands digit of 642258?
6
What is the hundreds digit of 12381?
3
What is the units digit of 22466661?
1
What is the thousands digit of 2316750?
6
What is the tens digit of 27406?
0
What is the units digit of 572492?
2
What is the thousands digit of 734006?
4
What is the ten thousands digit of 1106841?
0
What is the hundreds digit of 3176717?
7
What is the thousands digit of 7159072?
9
What is the units digit of 834735?
5
What is the millions digit of 12652929?
2
What is the thousands digit of 1083754?
3
What is the tens digit of 2553198?
9
What is the ten thousands digit of 7417835?
1
What is the ten thousands digit of 26234?
2
What is the hundreds digit of 609971?
9
What is the units digit of 17167178?
8
What is the hundreds digit of 903982?
9
What is the thousands digit of 8175668?
5
What is the ten thousands digit of 14691187?
9
What is the tens digit of 16718927?
2
What is the hundreds digit of 1042642?
6
What is the tens digit of 215778?
7
What is the units digit of 237804?
4
What is the millions digit of 7000972?
7
What is the hundreds digit of 36335224?
2
What is the ten thousands digit of 3641241?
4
What is the hundreds digit of 749454?
4
What is the ten thousands digit of 235407?
3
What is the hundreds digit of 3027175?
1
What is the units digit of 220188?
8
What is the thousands digit of 264534?
4
What is the ten thousands digit of 1842510?
4
What is the tens digit of 1698904?
0
What is the tens digit of 624376?
7
What is the units digit of 1228564?
4
What is the ten millions digit of 13652324?
1
What is the hundreds digit of 1209065?
0
What is the tens digit of 6037756?
5
What is the hundred thousands digit of 806267?
8
What is the ten thousands digit of 21219?
2
What is the tens digit of 194677?
7
What is the thousands digit of 16303808?
3
What is the hundreds digit of 199686?
6
What is the millions digit of 25825251?
5
What is the tens digit of 16595373?
7
What is the ten thousands digit of 121601?
2
What is the ten thousands digit of 3325161?
2
What is the hundred thousands digit of 4737368?
7
What is the hundred thousands digit of 12988616?
9
What is the thousands digit of 388261?
8
What is the thousands digit of 980609?
0
What is the millions digit of 2385559?
2
What is the units digit of 1830104?
4
What is the ten thousands digit of 9553951?
5
What is the ten thousands digit of 12274456?
7
What is the units digit of 1756035?
5
What is the hundreds digit of 3133613?
6
What is the hundreds digit of 2655801?
8
What is the units digit of 345589?
9
What is the tens digit of 996449?
4
What is the millions digit of 20909005?
0
What is the hundred thousands digit of 226295?
2
What is the ten thousands digit of 590706?
9
What is the millions digit of 20674740?
0
What is the tens digit of 1794601?
0
What is the ten thousands digit of 815166?
1
What is the hundreds digit of 717456?
4
What is the ten thousands digit of 1599223?
9
What is the millions digit of 1218085?
1
What is the ten thousands digit of 7154044?
5
What is the hundreds digit of 1745810?
8
What is the hundreds digit of 1215909?
9
What is the hundred thousands digit of 198728?
1
What is the tens digit of 3864539?
3
What is the thousands digit of 216079?
6
What is the units digit of 806419?
9
What is the thousands digit of 15366126?
6
What is the units digit of 7279917?
7
What is the thousands digit of 1241714?
1
What is the hundred thousands digit of 761040?
7
What is the units digit of 233555?
5
What is the hundred thousands digit of 808187?
8
What is the ten thousands digit of 645680?
4
What is the tens digit of 1834840?
4
What is the hundreds digit of 1155895?
8
What is the hundreds digit of 732829?
8
What is the hundreds digit of 2410095?
0
What is the units digit of 313750?
0
What is the millions digit of 1562730?
1
What is the hundreds digit of 88445?
4
What is the hundred thousands digit of 8604540?
6
What is the hundreds digit of 7396?
3
What is the hundreds digit of 2768765?
7
What is the hundreds digit of 1008906?
9
What is the units digit of 50248?
8
What is the thousands digit of 223670?
3
What is the tens digit of 5810926?
2
What is the tens digit of 1579849?
4
What is the thousands digit of 547831?
7
What is the millions digit of 6798191?
6
What is the tens digit of 218388?
8
What is the thousands digit of 75984?
5
What is the ten thousands digit of 1486893?
8
What is the thousands digit of 1854690?
4
What is the hundreds digit of 247506?
5
What is the thousands digit of 9473582?
3
What is the thousands digit of 947047?
7
What is the hundred thousands digit of 1008304?
0
What is the tens digit of 1767406?
0
What is the tens digit of 16446118?
1
What is the hundred thousands digit of 6231885?
2
What is the units digit of 2095278?
8
What is the ten millions digit of 23328426?
2
What is the units digit of 148602?
2
What is the thousands digit of 2207883?
7
What is the thousands digit of 177125?
7
What is the hundreds digit of 17841998?
9
What is the tens digit of 9365237?
3
What is the units digit of 470759?
9
What is the units digit of 179939?
9
What is the millions digit of 2814396?
2
What is the hundreds digit of 348919?
9
What is the thousands digit of 383808?
3
What is the millions digit of 34195429?
4
What is the thousands digit of 267581?
7
What is the hundred thousands digit of 239475?
2
What is the hundred thousands digit of 921112?
9
What is the thousands digit of 1203672?
3
What is the hundred thousands digit of 951153?
9
What is the thousands digit of 1483239?
3
What is the tens digit of 72268?
6
What is the thousands digit of 3754372?
4
What is the ten thousands digit of 263796?
6
What is the hundreds digit of 6153312?
3
What is the hundreds digit of 57991?
9
What is the tens digit of 76